{"id":61,"date":"2024-03-22T00:27:31","date_gmt":"2024-03-21T23:27:31","guid":{"rendered":"https:\/\/psy-tcc-enfant-brest.fr\/?page_id=61"},"modified":"2024-03-27T21:27:43","modified_gmt":"2024-03-27T20:27:43","slug":"tarifs","status":"publish","type":"page","link":"https:\/\/psy-tcc-enfant-brest.fr\/index.php\/tarifs\/","title":{"rendered":"Tarifs"},"content":{"rendered":"\n<p><\/p>\n\n\n\n<p>Les consultations des diff\u00e9rentes prestations durent 45 min et sont au tarif de 60 \u20ac<\/p>\n\n\n\n<p>Les s\u00e9ances de psychologie ne sont pas rembours\u00e9es par la s\u00e9curit\u00e9 sociale. Cependant, certaines mutuelles peuvent prendre en charge l\u2019ensemble ou une partie des interventions. <\/p>\n\n\n\n<p>Une facture sera remise sur demande \u00e0 chaque consultation. <\/p>\n\n\n\n<p>Une prise en charge peut \u00e9galement \u00eatre r\u00e9alis\u00e9e lors d\u2019un&nbsp;dossier MDPH&nbsp;en cours. <\/p>\n\n\n\n<p>Mode de paiement : ch\u00e8que et esp\u00e8ce lors du premier rendez-vous. <\/p>\n\n\n\n<p>Virement possible apr\u00e8s le premier rdv.<\/p>\n\n\n\n<p><\/p>\n","protected":false},"excerpt":{"rendered":"<p>Les consultations des diff\u00e9rentes prestations durent 45 min et sont au tarif de 60 \u20ac Les s\u00e9ances de psychologie ne sont pas rembours\u00e9es par la s\u00e9curit\u00e9 sociale. Cependant, certaines mutuelles peuvent prendre en charge l\u2019ensemble ou une partie des interventions. Une facture sera remise sur demande \u00e0 chaque consultation. Une prise en charge peut \u00e9galement \u00eatre r\u00e9alis\u00e9e lors d\u2019un&nbsp;dossier MDPH&nbsp;en cours. Mode de paiement : ch\u00e8que et esp\u00e8ce lors du premier rendez-vous. Virement possible apr\u00e8s le premier rdv.<\/p>\n","protected":false},"author":1,"featured_media":0,"parent":0,"menu_order":5,"comment_status":"closed","ping_status":"closed","template":"page-with-sidebar","meta":{"footnotes":""},"class_list":["post-61","page","type-page","status-publish","hentry"],"_links":{"self":[{"href":"https:\/\/psy-tcc-enfant-brest.fr\/index.php\/wp-json\/wp\/v2\/pages\/61","targetHints":{"allow":["GET"]}}],"collection":[{"href":"https:\/\/psy-tcc-enfant-brest.fr\/index.php\/wp-json\/wp\/v2\/pages"}],"about":[{"href":"https:\/\/psy-tcc-enfant-brest.fr\/index.php\/wp-json\/wp\/v2\/types\/page"}],"author":[{"embeddable":true,"href":"https:\/\/psy-tcc-enfant-brest.fr\/index.php\/wp-json\/wp\/v2\/users\/1"}],"replies":[{"embeddable":true,"href":"https:\/\/psy-tcc-enfant-brest.fr\/index.php\/wp-json\/wp\/v2\/comments?post=61"}],"version-history":[{"count":4,"href":"https:\/\/psy-tcc-enfant-brest.fr\/index.php\/wp-json\/wp\/v2\/pages\/61\/revisions"}],"predecessor-version":[{"id":242,"href":"https:\/\/psy-tcc-enfant-brest.fr\/index.php\/wp-json\/wp\/v2\/pages\/61\/revisions\/242"}],"wp:attachment":[{"href":"https:\/\/psy-tcc-enfant-brest.fr\/index.php\/wp-json\/wp\/v2\/media?parent=61"}],"curies":[{"name":"wp","href":"https:\/\/api.w.org\/{rel}","templated":true}]}}